late the greatest common divisor of v and 9.
9
Let t = 4 + 7. Let x = -1 + 12. Calculate the highest common divisor of t and x.
11
Let u(k) = 2*k**2 + 10*k - 12. Let v be u(-9). Suppose m + 3*m - v = 0. What is the highest common factor of m and 90?
15
Let r(k) be the third derivative of k**5/20 + k**4/8 + 3*k**3/2 - 4*k**2. Let w be r(8). Calculate the highest common factor of w and 25.
25
Suppose 3*k = 2*y - 45, 0*k - k = 1. Suppose -5*w = -d + 35, -y - 48 = -3*d + 3*w. What is the highest common factor of d and 140?
20
Suppose 0*l = 2*l + 144. Let x = l - -102. What is the greatest common factor of x and 75?
15
Let j = 195 - 45. Suppose j - 15 = 5*x. Calculate the highest common divisor of 9 and x.
9
Suppose 0 = -2*a - 5*u + 215, -5*u = -a + 142 - 27. Calculate the highest common divisor of 10 and a.
10
Suppose -6*z = -2*z + 56. Let n be (-44)/(-7) - (-4)/z. Calculate the highest common divisor of 2 and n.
2
Let b be (-156)/(-15) + (-2)/5. Let q = -65 - -135. Calculate the greatest common factor of b and q.
10
Suppose 0*s - s - 401 = -2*d, -4*d = 3*s - 777. What is the highest common divisor of 22 and d?
22
Let l = -58 - -36. Let n = 2 - l. Let q(r) = r**2 - 7*r. Let p be q(-5). What is the greatest common divisor of p and n?
12
Let o(m) = 3*m**2 - 3. Let d be o(3). Let g = 3 + 3. Calculate the highest common divisor of g and d.
6
Let x = -5 - -8. Suppose x*n = 3*r + 258, -4*r = -n + 5*n - 304. Calculate the highest common factor of 9 and n.
9
Let c = -16 + 19. Suppose -2*b + 3*s = -81, 0 = -4*b - 0*s + c*s + 177. Calculate the greatest common divisor of 12 and b.
12
Let g(b) = b**3 - 9*b**2 + 2*b - 10. Let k be g(9). What is the highest common factor of 2 and k?
2
Suppose -4*x - w - 13 = 164, 175 = -4*x + w. Let b = x + 65. What is the highest common factor of b and 147?
21
Let g(o) = -3*o**3 - 2*o**2 - 8*o + 6. Let p be g(-4). Calculate the greatest common factor of p and 18.
18
Let m be 12/15*(390/4)/3. What is the greatest common divisor of m and 26?
26
Let k = 13 - 8. Suppose 0 = d - k. Calculate the highest common divisor of d and 20.
5
Suppose -4*k - 293 + 105 = 0. Let v = 70 + k. Calculate the highest common factor of v and 184.
23
Let q(f) = f**2 + 10*f + 2. Let a be q(7). Let l = a - 86. Suppose -5 = -2*m + l. Calculate the greatest common factor of 10 and m.
10
Let v be (3/(-6))/((-2)/32). Let f be 28/v*(-2)/(-1). What is the highest common divisor of f and 21?
7
Let w(d) = -d**3 + 8*d**2 + 2*d - 12. Let n be w(8). Calculate the greatest common divisor of 4 and n.
4
Let r = 7 + 4. Suppose 4*z + 3*a + r = 0, -5*a - 35 + 7 = -3*z. Calculate the greatest common factor of 11 and z.
1
Let t be 6/(-9) + 33/9. Suppose 2*m - 175 = -3*f, f + t*m - 61 = 9. What is the highest common factor of f and 5?
5
Suppose 2*n - 2 + 10 = 4*r, 5*r + n - 17 = 0. Suppose -r*h - h = 0. Suppose h = -5*o - 0*o + 45. What is the highest common divisor of o and 18?
9
Let n be (-42)/(-9) - (-2)/6. Suppose 2*o - w = -0*w - 98, -2*o - 122 = n*w. Let q = o - -111. Calculate the highest common factor of 12 and q.
12
Let v be ((-9)/2)/(-9)*16. What is the highest common factor of v and 12?
4
Let x = -2 + 7. Suppose -x*y + 0*f + 4*f + 124 = 0, 4*f = -4*y + 92. Calculate the greatest common factor of 3 and y.
3
Let k be 1 + 2/1 + -1. Suppose 5*t = -25, -k*d = -0*t - 4*t - 24. Let v = 4 - -6. Calculate the greatest common divisor of v and d.
2
Let t = 7 + 2. Let k be 4/(-16) + 34/8. Suppose k*b = b + 3. Calculate the highest common factor of b and t.
1
Let i = 259 - 114. Suppose 0*a + 5*a - i = -5*v, -4*v = 5*a - 113. What is the greatest common divisor of v and 8?
8
Let o be (-15)/(-1) + (-1)/1. Suppose -3*i + 56 = 14. Calculate the highest common divisor of o and i.
14
Let p(h) be the third derivative of 17*h**5/60 + h**4/12 - h**3/6 + h**2. Let o be p(1). Calculate the greatest common divisor of 45 and o.
9
Let s(f) = 29*f**2 - 4*f - 3. Let q be s(-2). What is the greatest common divisor of 11 and q?
11
Let v(h) = 6*h + 10. Let d be v(5). Suppose 4*f - 22 = 10. Calculate the highest common divisor of d and f.
8
Suppose 0 = -5*x - a - 57, 7*x + 59 = 2*x - 2*a. Let m(k) = -k**3 - 9*k**2 + 15*k - 9. Let v be m(x). What is the highest common factor of 17 and v?
17
Suppose m = -4*a + 1, 2*a + 3 = 3*m - 0. What is the highest common divisor of m and 11?
1
Let m be 1 + (-291)/(-6) + 1/2. Calculate the highest common divisor of m and 25.
25
Let h(d) = d**2 - d + 5. Let a be h(0). Let j(z) = 5*z - 1. Let v be j(a). Calculate the highest common factor of 216 and v.
24
Let f(j) = 20*j + 3. Let g be f(-4). Let n = g + 231. Let v = 7 - -7. What is the greatest common factor of v and n?
14
Suppose -589 = -5*j + 126. Calculate the highest common factor of j and 13.
13
Let v = -12 - -44. Calculate the highest common factor of 160 and v.
32
Suppose -15*k + 270 = -0*k. What is the highest common factor of k and 18?
18
Suppose 0 = -5*t - 34 + 574. Calculate the highest common divisor of 36 and t.
36
Let h be (-310)/4*64/(-20). Suppose 5*z - 82 = h. What is the greatest common divisor of z and 11?
11
Let s = 986 - 689. Calculate the highest common factor of s and 27.
27
Let s = 21 + -1. Calculate the highest common divisor of s and 8.
4
Suppose 0 = -7*x - 47 + 138. Let q be (2/4)/(2/24). Suppose -v + q = -7. What is the greatest common factor of v and x?
13
Suppose 5*g = 4*o + 3*g - 70, 3*o - 2*g - 55 = 0. Let w be 14 - (1 + (-3 - -1)). Calculate the highest common factor of o and w.
15
Suppose 4*b + b - 25 = 0. Suppose -3*y = -4*a + b*a - 65, -3*y = 2*a - 67. Calculate the greatest common factor of 63 and y.
21
Let k be (-100)/6*(-3 + 0). Let j(n) = -6*n - 4. Let z be j(-3). Let d = -4 + z. Calculate the greatest common factor of d and k.
10
Let q be 6/(-15)*(0 - 55). Calculate the greatest common divisor of q and 55.
11
Suppose 4*k = -l + 31, -2*k + 9 = l - 6. What is the greatest common factor of k and 72?
8
Suppose -54 = -9*b + 126. What is the highest common factor of b and 10?
10
Let f = -17 - -21. Let s(v) = -v**2 - 7*v + 2. Let j be s(-5). Calculate the highest common divisor of j and f.
4
Let i(a) = a**3 - a**2 - 2*a. Let v be i(2). Suppose 2*w = -v*w + 140. Calculate the highest common factor of w and 10.
10
Let o be 44/14 + 24/28 + -1. Calculate the highest common divisor of o and 39.
3
Suppose 1 + 11 = -4*h. Let c be (6/h - 0) + 0. Let a be (1 - 0 - 5)/c. Calculate the highest common factor of 8 and a.
2
Suppose -6 = 4*k + 18. Let y be (27/k)/((-2)/4). Calculate the greatest common divisor of 36 and y.
9
Suppose 0*s + 2*s = 224. Suppose 0 = -0*p - 2*p + s. Let y = -34 - -42. What is the highest common factor of y and p?
8
Let k = 48 - 18. What is the greatest common factor of 75 and k?
15
Suppose 5*z = 5, 3*f + 5*z - 29 = 30. Calculate the highest common factor of f and 72.
18
Suppose 2*a - 3*u + 6 = 0, -a + 0*u + u - 2 = 0. Suppose a = -7*b + 2*b + 25. Suppose 0 = -0*l - b*l + 750. What is the greatest common divisor of l and 15?
15
Suppose 4*h = -2*o + 4*o - 10, -4*o = h + 7. Let v be o - (0 + 80)/(-2). Let p = 31 - 18. Calculate the greatest common divisor of v and p.
13
Suppose -3*w + 20 = -t, w + t - 4 = 8. What is the highest common factor of 40 and w?
8
Let v(j) = -j**3 - 8*j**2 + 6*j. Let i be v(-11). Suppose 0 = -4*o - 41 + i. Calculate the greatest common divisor of 8 and o.
8
Let o(b) = -6*b - 36. Let x be o(-10). Suppose -3*j + 5*f + 16 = -j, -2*f - 32 = -4*j. Calculate the greatest common divisor of x and j.
8
Let h(z) = -z**2 + z + 2. Let n be h(2). Suppose -w + 6*w - 130 = n. Calculate the greatest common divisor of 65 and w.
13
Suppose 56 = -5*o + 296. What is the greatest common factor of o and 12?
12
Let t(m) = m**2 + m + 116. Let y be t(0). Let l = y - 26. Calculate the highest common divisor of l and 10.
10
Let b(a) = a**3 + 16*a**2 - 3*a - 2. Let t be b(-16). Calculate the highest common factor of t and 23.
23
Suppose 0 = -2*b + 3*b - 6. What is the highest common factor of 6 and b?
6
Let k = 3 + 17. Calculate the greatest common divisor of 10 and k.
10
Suppose 0*k - 20 = 2*k. Let q = 12 - k. Calculate the highest common divisor of 176 and q.
22
Let r(z) = 14*z + 2. Let v be 5/10*(5 - -1). Let j be r(v). What is the highest common divisor of j and